131, -4*q = -5*s - 12557. Is q a composite number?
True
Let p(z) = -z**3 - 5*z**2 - 7*z - 4. Let h be p(-4). Let r(f) = f**3 - 6*f**2 - 11*f - 6. Is r(h) a prime number?
False
Let x = -2 + 2. Suppose x = z + v - 125, -5*v + 221 = 3*z - 162. Is z composite?
True
Suppose 7*l - 265 = 2*l. Is l a prime number?
True
Let d(z) = -168*z + 5. Is d(-3) prime?
True
Suppose -g + 0*g = f - 1, -4*f + 25 = -3*g. Let r(a) = -1 - a + 2 + 3*a + 2. Is r(f) composite?
False
Let v(o) = -o**3 - 17*o**2 + 43*o - 3. Is v(-22) a prime number?
True
Let l(q) = q**3 + 6*q**2 + 9*q + 4. Let h be l(-7). Let i = h - -161. Is i prime?
True
Let y(q) = -q + 19. Let n be (10/(-6) - -3)*9. Suppose -b + 5 = -j, 3*j = -4*b - 3 - n. Is y(b) a prime number?
True
Suppose 3*a - 3*v - 2*v - 32 = 0, -5*v - 36 = -4*a. Suppose 0 = -4*s + 5*u + 1063, 0*s + a*u - 271 = -s. Is s prime?
False
Suppose 2*p = -r + 8, -5*r - 15 = -4*p + 1. Suppose 3*i = j + 232, j + 212 = 3*i - p*j. Is i composite?
False
Suppose -s = s - 2274. Is s a composite number?
True
Suppose -4*i + 11 = -3*h - 1, 2*h = 5*i - 15. Suppose -4*m - 268 + 27 = -3*l, 0 = -5*l + i*m + 409. Is l composite?
False
Is (1028/8)/(1*(-2)/(-28)) composite?
True
Is (-4)/(-16)*2098*4 - -1 a prime number?
True
Let s = 6 - 2. Let v be -5 + s + -39 + -1. Let a = v - -66. Is a composite?
True
Let h(f) = -3*f + 1. Suppose 5*l - u = -23, -2*l - 4*u - 4 = 2*l. Is h(l) a prime number?
True
Let v = 186 + -27. Is v prime?
False
Let a be -4*(-2 - 3/(-2)). Is 91/2*a - 2 a prime number?
True
Suppose -3*z + 0*z - 4*x = -2531, 5*x = -3*z + 2533. Is z prime?
False
Let w = -389 + 555. Is w a composite number?
True
Suppose 0 = d - 0*d - 5. Suppose -3*n - d*v - 46 = 0, 2*n - v - 6 = 3*v. Let o = 42 + n. Is o composite?
True
Suppose 2 = -0*n + 2*n, 2*n = 2*y - 876. Is y prime?
True
Suppose -5*v + 3135 = -4*h, 4*v - 5*h + 1918 = 7*v. Is v a prime number?
True
Is (-3)/((-3)/(-1)) - -52 a prime number?
False
Let z(h) = h**3 - 2*h**2 + 2*h - 14. Is z(4) a prime number?
False
Let q(m) be the second derivative of m**5/20 + 13*m**4/12 + 3*m**3/2 - 3*m**2/2 - 4*m. Is q(-12) prime?
False
Let z = -34 - 22. Let u = 71 - z. Is u composite?
False
Let i be 2*(-1 - 6/(-4)). Let z(l) = 4*l + 149*l**2 + 15 - 14 - 5*l. Is z(i) composite?
False
Suppose 4*w - 394 = -70. Let n = w + -58. Is n a prime number?
True
Suppose 0 = 2*m - 2*b - 986, -4*b + 477 = m - 6. Let v = 826 - m. Suppose 5*s - v = -3*h + 126, -h + 147 = 5*s. Is h a composite number?
False
Let m(v) = 52*v**3 - 2*v**2 + 3*v - 1. Let u = -4 + 6. Is m(u) a prime number?
False
Suppose 0 = 3*w + 4*h - 373, 3*h - 4*h = -4*w + 510. Is w a composite number?
False
Suppose -3*y - 2*j = -40, 2*y + 4*j = 8 + 24. Let w(q) = -14*q. Let v be w(-3). Is 56/y*v/4 a composite number?
True
Suppose -23 = -3*v + 4. Suppose -5*l - 15 = 0, l + 1 = -a - 0*a. Suppose 0 = -a*f + 21 + v. Is f composite?
True
Let u = -977 + 1716. Is u a composite number?
False
Let y(c) = -1 + 9*c + 0 + 8 - 2. Let n be y(-4). Let p = n + 53. Is p prime?
False
Is 1 + 4 + -3 - -249 a composite number?
False
Suppose 9*q + 2*v - 27300 = 5*q, 0 = -3*q - v + 20473. Is q a composite number?
False
Suppose -7332 = -4*g - 1112. Is g a composite number?
True
Let z = 77 - 232. Let h be (-2 - (-18)/15)*z. Let w = -87 + h. Is w prime?
True
Suppose 0 = 4*s + 4*s - 2008. Is s a prime number?
True
Let g(j) = 38*j. Let r be (-18)/5 + 12/(-30). Let q = -3 - r. Is g(q) composite?
True
Let i be 5/(5/2) + 2. Suppose i*w - 7 = 69. Is w a prime number?
True
Let w(o) = 4*o**2 + 11*o - 7. Is w(8) composite?
False
Let l(n) = 76*n - 13. Is l(3) a composite number?
True
Let r = 872 - 379. Is r a prime number?
False
Let c be ((-2)/(-2) - 3)/2. Let i be 1/c*(10 - 4). Let d = i - -17. Is d a prime number?
True
Let g(a) = a**3 - 7*a**2 - 10*a - 5. Let j(l) = l**3 + 7*l**2 - 2*l - 5. Suppose -2*q - 5*s + 2 = -3*q, 2*q + 13 = s. Let v be j(q). Is g(v) a composite number?
False
Let t = 1486 - 807. Is t a prime number?
False
Let t(x) = 4*x**2 + 3*x + 6. Let m be 2 - 5 - 0/1. Is t(m) a composite number?
True
Is 42 - (-1 - 0 - 0) prime?
True
Let q be 2/5 + 6/10. Is (q + 1)*38/4 composite?
False
Let l be 6/14 - 19563/(-21). Suppose -l = c - 5*c. Is c a prime number?
True
Let y be 57/21 - (-2)/7. Suppose y*p - 5*p + 4*g = -70, -3*g - 175 = -5*p. Let l = p + -13. Is l a composite number?
True
Suppose 2*x + 4 = 0, y - 2*x = -0*y + 4. Suppose y = -2*i + 4*z - 34 + 152, -3*z - 54 = -i. Is i a composite number?
True
Suppose -2203 = -4*y + h, -2*y - 2*h + 1100 = -4*h. Is y prime?
False
Let y = -2 + 5. Suppose y*j + 0*j - 207 = -5*s, 2*s = 2*j - 154. Is j prime?
False
Let p = -175 + 61. Let z(g) = 9*g**3 + 3*g**2 + 3*g - 2. Let k be z(3). Let f = k + p. Is f a composite number?
False
Suppose 5*l = -4*z + 1329, l + 3*z - 118 = 150. Is l prime?
False
Let d(r) = -30*r**3 - 2*r**2 - 3*r - 1. Is d(-2) a composite number?
True
Let u be ((-4)/(-3))/(10/(-15)). Is u + 6 + -2 + 47 a composite number?
True
Let f be 2 + 0 - (-1 - 0). Suppose -f*w = -w + 4. Let n(u) = -u**3 + 3*u**2 + 2*u - 2. Is n(w) a composite number?
True
Let j(h) = -h**2 - 26*h - 21. Is j(-22) composite?
False
Let v(r) = r**2 - 4*r + 4. Let d be v(4). Suppose -632 = -0*o - d*o. Is o a prime number?
False
Let k = 825 + -268. Is k prime?
True
Suppose 4*t - 25 = 1155. Is t prime?
False
Suppose 3200 = 4*s - 3*a, -7*s + 3*a = -2*s - 3997. Is s composite?
False
Suppose 5*n = 8*n - 633. Is n composite?
False
Suppose 4*p = 337 + 2203. Is p composite?
True
Let h(r) = r**3 + 25*r**2 + 10*r + 11. Is h(-23) prime?
True
Suppose 0*p = -2*p + 2*v - 272, 5*v = 20. Let d = 89 - p. Is d composite?
True
Is ((-662)/(-4))/((-2)/(-4)) prime?
True
Let w be 0 + 3 + (-4)/4. Suppose q - w*q = -91. Suppose 4*y - q = b, 2*y + 2*y - 4*b = 100. Is y a composite number?
True
Let w = -3 + 5. Suppose -191 = -5*c - w*p + 6*p, 3*c - 2*p = 115. Is c a composite number?
True
Suppose 2*o + 65 = 281. Let t = o + -15. Is t composite?
True
Is 6 - 4 - (-5661)/(0 + 1) composite?
True
Suppose 4*z - 16 = 0, -3*q = 2*q + 2*z - 25393. Is q a composite number?
False
Let k = -373 - -842. Is k prime?
False
Let b = -14 - -26. Suppose 2*v - 15 = 5*y, v - 2*v - 2*y + b = 0. Is v a prime number?
False
Let f(v) = -39*v - 26. Is f(-11) composite?
True
Let q = -5 - -9. Suppose 4*t - 8 + q = 0. Is (93/6)/(t/2) a prime number?
True
Let z(q) = q**2 + 2*q + 1637. Is z(0) prime?
True
Let x(k) = k**3 + k**2 + k - 9. Let a be x(0). Let v(l) = 5*l**2 - 15*l - 41. Let r(o) = o**2 - 4*o - 10. Let y(g) = a*r(g) + 2*v(g). Is y(-9) composite?
True
Let p be 248/6*9/6. Let n be -1*(2 + -3)*101. Let j = n - p. Is j a prime number?
False
Suppose -5*b + 15 = 0, -x + 2*b + 0 = -7. Suppose 1 - x = 4*m. Is m/(-6) - (-29)/2 a prime number?
False
Let j(v) = v - 5. Let f be j(4). Let h(y) = 16*y**2 + 2 + 36*y**2 - 3 - 2*y. Is h(f) composite?
False
Suppose 3*d - 40 = 4*y, 16 = -4*y + 4*d - 7*d. Let z = 11 + y. Is z prime?
False
Let x be (-12)/(-42) - 30/7. Is (94/(-8))/(x/32) prime?
False
Let n(j) = -j**2 - 6*j + 395. Is n(0) a composite number?
True
Let t be (-3)/(-4) - 674/(-8). Suppose -5*u + a = -130, -4*u - a - 2*a = -t. Is u a prime number?
False
Suppose -2*f - 26 = -5*f - c, c = 4*f - 30. Let u = -4 + f. Is 10*(42/u - 1) a composite number?
True
Suppose 5*f = 9*f - 748. Is f a prime number?
False
Let v(r) = 4*r**2 - 2*r - 4. Let w(x) = -x**3 + 3*x - 3. Let f be w(2). Is v(f) a composite number?
True
Let s(r) = 53*r + 4. Let o be s(-2). Let x = 173 + o. Is x a composite number?
False
Let a(v) = v**3 - 5*v**2 + 7*v + 7. Let k be a(7). Let y = k - -23. Is y prime?
False
Is (-1 - -1) + (-457)/((-4)/4) prime?
True
Let w(o) = o**3 - 8*o**2 - 11*o + 15. Is w(11) a prime number?
True
Let z(n) = 6*n**3 - 7*n**2 - 2*n + 4. Let k be z(6). Suppose m - 80 = -2*t + 135, -3*t = -5*m + k. Is m prime?
False
Let p be (4 - 7) + (1 - -2). Is (0 - p) + 37 + 2 prime?
False
Let n be (-10)/(0 - (-4)/(-2)). Suppose -3*v - 3*p + 7*p = -31, 0 = -n*v + 2*p + 61. Is v composite?
False
Is (-2)/(-19) + (-30924)/(-76) a prime number?
False
Let g(y) = 2*y**2 - 5*y + 7. Suppose 0 = 4*b - b - 24. Is g(b) composite?
True
Let l be 4/4 - (0 + -928). Suppose 0 = -2*a - 5*h - 178 + l, -4*h + 750 = 2*a. Is a composite?
False
Suppose -18*s + 670 = -16*s. Is s a